/(-18). What is the units digit of (-34)/z - 2/5?
3
Let g(n) = -n**3 - 4*n**2 - 3*n - 10. Let u be g(-4). Suppose -4*r = -5*a - 109, -u*r - 2*a + 50 = -0*a. What is the units digit of r?
6
Suppose 3*h + 73 = 2*t, 2*h - 165 = -5*t + 6*h. Let o = t + -16. What is the tens digit of o?
1
Suppose -5*n = -36 - 569. What is the units digit of n?
1
Suppose -4*q - 97 = 203. Let p be (-4)/5*q/(-6). What is the units digit of ((-2)/4)/(1/p)?
5
Let l = 4 - 1. Suppose -l*r + 4*r = 4. What is the units digit of r?
4
Suppose -3*q = -2*d - d - 24, q - 2*d = 4. Suppose -2*x = 2*x - q. Suppose 4*b = -x*y + 31, 3*b + y - 17 = -0*y. What is the units digit of b?
4
Suppose 5*w - 2 = -2*j + 2, -4*j + 3*w - 18 = 0. Suppose v + 2*b + 1 = 0, -2*v = -4*v + 3*b - 23. Let o = j - v. What is the units digit of o?
4
Let m = -177 + 410. What is the hundreds digit of m?
2
Let j = 4 + -3. Let o be 1/j - (3 - 0). Let x(m) = m**2 - 1. What is the units digit of x(o)?
3
Let y be ((-1)/2)/(5/(-20)). What is the units digit of 11/(-1)*(-2)/y?
1
Let q(s) = 2*s + 3. Let y be q(0). Suppose 2*i = -2*i - 3*z + 124, i = -y*z + 40. What is the tens digit of i?
2
Let k(s) = 10*s**2 - s**3 + 8*s - 5 + 2 + 2*s**3 + 0. What is the units digit of k(-9)?
6
Suppose 231 = 7*s - 4*s. What is the tens digit of s?
7
Let f = 7 - -31. What is the units digit of f?
8
Suppose 2*v - 4*r - 86 = 0, -3*r - 2*r = -2*v + 88. What is the units digit of v?
9
Suppose 0*h + 4*q - 7 = -h, -5*h - 5*q = -20. Let w(n) = 2*n**2 - 5*n + 4. What is the units digit of w(h)?
7
Suppose -215 = -9*b + 4*b. What is the tens digit of b?
4
Suppose -60 = -2*u - 4*v, -u - u + 3*v = -39. Suppose 7*n - 4*n = u. What is the units digit of -3*(n/(-6) - 0)?
4
Suppose -d - 2*s + 197 = 2*d, -4*d + 259 = -s. What is the units digit of d?
5
Let p(k) = k**3 + 4*k**2 + 4*k. Let l be p(-3). Let u = 2 - l. Suppose -u = 3*q - 8*q. What is the units digit of q?
1
What is the tens digit of -13*(-2 - 4/(-4))?
1
Suppose -2*p = 4*r - 120, 5*p + 107 = 2*r + 23. Let g = 50 - r. What is the units digit of g?
8
Suppose 2*g = -g + 6. Suppose 5*f - 9 = g*l, l - 5*l = 2*f - 42. What is the units digit of l?
8
What is the tens digit of 3/4 + 285/20?
1
Let k = -4 - -32. What is the units digit of k/6 + 2/(-3)?
4
Let h = 53 - 31. What is the units digit of h?
2
Let w be 5/(-20) - (-21)/4. Suppose 3*d - 7 = w. Suppose -2*t = -12 + d. What is the units digit of t?
4
Let t(h) = -h**3 + 3*h**2 + 5*h - 4. Let s be t(4). Suppose s*m = 3*m. Suppose m = 3*c - 1 - 20. What is the units digit of c?
7
What is the hundreds digit of (-616)/(-6) - 2/(-6)?
1
Suppose -5*f = 2*a - 582, -346 = -3*f - 0*a - 2*a. Let s = f - 61. Suppose 2*n - 5*n = -s. What is the tens digit of n?
1
Let h = 5 + -3. Suppose -4*t - 6*d = -d - 40, 2*t - h*d - 38 = 0. Suppose 0 = -5*y + 10 + t. What is the units digit of y?
5
Let k be (-2)/(-8) + (-15)/(-4). Suppose 4*u = 6*u - 48. Suppose k*y - 5*m - u = 0, -4*y - m = -0*m. What is the units digit of y?
1
Let t = -156 - -220. What is the tens digit of t?
6
Let c = 10 + -8. Let o be (1 - 2)/(7/105). Let n = c - o. What is the tens digit of n?
1
Let k = 12 + -7. Suppose -k*u + c = -69, -c + 17 = u - 2*c. What is the tens digit of u?
1
Suppose 0 = -4*d + q - 16, 0*d + 17 = -3*d + 2*q. Let v = d + 5. What is the units digit of v?
2
Let i = 18 + -13. Suppose 0 = l - 4*l + 12. Suppose 3*q + l = i*q. What is the units digit of q?
2
Let b = -3 + 5. What is the units digit of 2 + (-2 - (-12)/b)?
6
Let k(j) be the first derivative of j**3/3 - 3*j**2/2 + 4*j + 2. Let w be k(3). Suppose -5*a - 2*d = -w*d - 66, -d = -a + 12. What is the tens digit of a?
1
Let w = -65 - -97. What is the tens digit of w?
3
Let g(a) = a**3 - 9*a**2 - 9*a + 7. What is the tens digit of g(11)?
5
Let f be (-34)/4*4/(-2). What is the tens digit of f + 1 + (0 - -2)?
2
Let r be -2*(-3*1)/3. Let z = r + 7. Suppose -5*k + 45 = 5*d, d - 6*d = -k - z. What is the units digit of k?
6
Let t(z) = 26*z**2 - z - 4. What is the units digit of t(-2)?
2
Suppose 0 = -5*f + 405 + 80. What is the units digit of f?
7
Let o(v) = -v**2 - 19*v - 31. What is the units digit of o(-15)?
9
Suppose -12*b + 405 = -7*b. What is the units digit of b?
1
Suppose 2*t - 1 = 5*v, 0*t + 51 = 2*t + 5*v. What is the tens digit of t?
1
Suppose -57 = -4*p + 135. Suppose -2*g + 61 = -i - 2*i, g = 5*i + p. What is the units digit of g?
3
Suppose -5*h + 2 + 8 = 0. What is the units digit of h?
2
Suppose -2*j + n = -0*j - 77, -4*j = -4*n - 148. What is the units digit of j?
0
Let n(v) = -22*v**3 + 2*v + 1. What is the units digit of n(-2)?
3
Suppose 2*h + 3*c + 386 = 4*h, 0 = -5*h - 3*c + 965. What is the hundreds digit of h?
1
Let r be 5 + (0 - 0 - 0). Suppose -5*x = 5*s - 110, -2*s + 6*s - 88 = -r*x. Let w = s + -14. What is the units digit of w?
8
Let m be -2 - (2 + -1 + -56). Suppose 0 = -3*y + p + m, 0*y + y = 5*p + 13. What is the tens digit of y?
1
Let p(j) = -j - 3. Let v be p(-7). Suppose -v*h = -0*h - 84. What is the units digit of h?
1
Suppose 5*q = q - 16. Let w be (-183)/(-27) + q/(-18). Suppose s - 3*k - w = 14, 2*k = -10. What is the units digit of s?
6
Suppose 15 = 4*l - 25. Let q(k) = -2*k**2 + k**2 + 7 + 13*k - 2*k. What is the units digit of q(l)?
7
Let y = 259 - 129. What is the tens digit of y?
3
Let w be (-2)/(-3) + 7/3. Suppose 0 = -w*n, 3*n = -u + n + 4. What is the units digit of u?
4
Suppose -t + 5*i = -43, 0 = -t - 3*i + 5*i + 37. What is the tens digit of t?
3
Suppose 10 - 1 = 3*n. Suppose -37 = -5*c + n*a, -a + 2*a = -3*c + 11. Suppose -110 = -5*q - c*d, -5*d - 66 = 2*q - 5*q. What is the tens digit of q?
2
What is the units digit of (30/(-9))/((-8)/12)?
5
Let f be 1/(-3) + 22/3. Suppose 4*k + 3*y = -0 + f, 12 = -4*y. What is the units digit of k?
4
Suppose 6 = 3*m - 33. Let w = 23 - m. What is the units digit of w?
0
Suppose 3*s + 6 = -2*d, -d + 6 = 2*s - 5*s. Suppose d*y = -y. What is the units digit of (-7 - y)*2/(-2)?
7
What is the tens digit of (-3)/(-9) - ((-284)/12 - 2)?
2
Let y be (-100)/(-5) + 0/(-2). What is the tens digit of (y - 1)*(3 - 2)?
1
Suppose 0 = s - 12 - 53. What is the units digit of s?
5
Let r(q) = -q**2 - 4*q + 3. Let s be r(-4). Suppose o - 3*o = 0. Suppose 2*f + 6 = o, 4*t + f + 2 = s*t. What is the units digit of t?
1
Suppose 5*r + 49 - 4 = 0. Let u be (r/(-3) - 3)/(-2). Suppose 3*o = -u*o + 15. What is the units digit of o?
5
Let t be ((-114)/9)/((-2)/15). Suppose 0 = -5*d - 0*d - t. Let w = -11 - d. What is the units digit of w?
8
Suppose -5 = 2*r + 4*s - 19, -4*s + 24 = 4*r. Suppose 1 = 2*q + 5*w - 2, 2*w = -r*q + 39. What is the units digit of q?
9
Suppose 5*h - 15 = 15. Let r(i) = 2*i - 5. Let j be r(h). Let z(g) = -g**2 + 7*g + 2. What is the units digit of z(j)?
2
Let z(r) = r**3 + 7*r**2 - 2*r + 2. Suppose 4*u - 3*b + 37 = 0, u = -2*b - 4 + 3. What is the units digit of z(u)?
6
Let u = 4 - 2. Suppose u*r + 6*l = l - 1, -l + 3 = 2*r. What is the units digit of 3 + 1*0/r?
3
Let f = 10 - 4. Suppose 0 = -t - 5*l + 2, -4*t = -3*l - 0 - 8. Suppose t*x - f = x. What is the units digit of x?
6
Let r = -2 - -24. Suppose 2*f = -0*f + r. What is the tens digit of f?
1
Let f(r) = 6*r + 3. What is the units digit of f(2)?
5
Suppose 117 = -4*x - 0*f - f, 3*f = 2*x + 69. What is the tens digit of 8/60 - 1676/x?
5
Suppose -3*k = q - 6*k - 9, -3*k + 36 = 4*q. What is the units digit of q?
9
Suppose -65 = -3*c - 2*q, 96 = 4*c - 2*q - 0*q. What is the tens digit of c?
2
Let t = 3 + -3. Suppose 2*b + c = 24, t*c + 44 = 4*b + c. What is the units digit of b?
0
Let r = -23 - -47. Suppose -m + r = 2*m. Let p = m + 1. What is the units digit of p?
9
Let j(t) = 7*t - 8. Suppose 3*q = 3*i - 30, 3*i - 22 - 12 = 4*q. What is the units digit of j(i)?
4
Let h be 6/(-4)*(2 - 4). Let u be 1 + 2/(4/6). Suppose -h*s - m + 37 = s, 4*s + u*m = 52. What is the units digit of s?
8
Let s(n) = n**2 - 9*n + 8. What is the units digit of s(9)?
8
What is the units digit of 13783/44 + 9/12?
4
Suppose -q + 8 = 1. Suppose 2*f = g + q, 2*f + g + 0*g - 1 = 0. What is the units digit of f?
2
Suppose -15 = -3*p + 141. What is the units digit of p?
2
Let z be (-38)/(-6) + 7/(-21). What is the units digit of (z/(-4))/((-21)/98)?
7
Let u be 3/(-3)*1*-1. Let p be ((-3)/6)/(u/48). Let d = p - -42. What is the t